-15 - -15)?
-9
Evaluate 9 - (8 + 4 - 4).
1
What is the value of (4 - 1) + (-14 - (-1 - 4))?
-6
What is 3 + (2 - 5) - (15 + -21)?
6
Calculate (-4 - 5) + 4 + 9.
4
What is -15 + 4 + 1 + (5 - -2)?
-3
What is 0 + 2 + 19 + -29?
-8
-7 - -4 - (-7 + (-2 - -6))
0
-4 + 1 + 0 + (-20 - -20)
-3
What is the value of 3 - 3 - (-6 + (8 - -5))?
-7
What is 9 + -4 + -3 + -4 - -2?
0
What is -6 - (-11 - -5) - -1?
1
Calculate -2 + -3 + 2 + 4.
1
Calculate -1 + 7 - (20 + -17) - 4.
-1
What is the value of -2 + 3 + -9 + 3?
-5
What is -7 + 9 + -7 - (-7 - -2)?
0
Calculate 4 + 0 + (-8 - -8) + 1.
5
Calculate -137 + 127 - (-4 - 0 - 1).
-5
-62 + 61 - (-1 - (-5 + 1))
-4
Calculate -5 - 2 - (-1 + (5 - 8)).
-3
What is the value of 0 - -2 - (7 - 0 - 2)?
-3
Evaluate 4 + -1 - (-3 + 5).
1
What is 0 - (-3 - (1 - -1))?
5
Evaluate 3 + -1 + 1 - 0.
3
(-1 - 0) + (12 - 26) + 10
-5
Evaluate 12 + (-15 - -7) + -8.
-4
Evaluate (-3 - 1) + 2 - (0 - 2).
0
-3 + (7 - 2) + 0
2
What is 2 + -7 - (-9 - -7)?
-3
Calculate 1 + -6 + 2 - (-1 - -1).
-3
What is the value of -5 - (-3 + 5 + -5 + 0)?
-2
What is the value of -2 - (0 - (-8 + 8))?
-2
Evaluate -1 + 1 - ((9 - 13) + 3).
1
5 + 1 - (-25 - -29)
2
Calculate (1 - -4) + -10 + 7 + -1.
1
Evaluate (-5 - -12) + -10 + 1.
-2
Calculate 12 - (3 + 1 + 9).
-1
Evaluate -5 - (1 - (-12 - -26)).
8
What is the value of 3 - (11 - 2) - -2?
-4
What is the value of 1 + -1 - (16 + -12)?
-4
Calculate (-31 - -42) + 1 + -5 + 1.
8
What is (-4 - -1 - -3) + -5?
-5
(-5 - (-3 - -1)) + 3 + 4
4
What is the value of 28 + -26 + 2 + 3 + -2?
5
Calculate 3 + 0 + (-2 - 3 - -7).
5
Calculate 5 + -8 + -3 + 6 + -3.
-3
What is 5 - (6 - ((-1 - 6) + 2))?
-6
Evaluate -3 - (2 + -13) - 4 - 0.
4
Evaluate 1 + 2 + (-81 - -82).
4
Calculate -4 + (-1 - -1) + 2.
-2
Evaluate (-15 - (4 + -7)) + 6.
-6
Evaluate 4 - (1 + (7 - (9 + -7))).
-2
19 + -5 - (24 - 6)
-4
-6 + (7 + -6 - -4)
-1
Evaluate 6 + -4 + -6 + 7 - -6.
9
(0 - (-15 + 3)) + 51 + -54
9
6 + -2 + 0 + 3 + -2
5
What is the value of -3 - (-1 + -1 - (19 + -23))?
-5
16 + (1 - 10) + (-7 - 2)
-2
Calculate -1 - (2 + (-2 - 2)).
1
Evaluate (-4 - (-8 + 3)) + (-7 - -4).
-2
What is -8 - (-10 + -10) - 15?
-3
Calculate -2 + 3 + 1 + (-8 - -1).
-5
Calculate (0 - (-4 - -3)) + -6 + 3.
-2
What is the value of 2 + -6 + 6 + -6 - 1?
-5
Calculate 10 + (-10 - (0 + -1)).
1
-4 - (-3 - -3 - 4 - 2)
2
What is the value of 3 + -4 - (4 - 5)?
0
Calculate 1 + 3 + -10 + 2.
-4
What is 5 - ((-8 - -5) + -1 + 9)?
0
Calculate (-2 - (1 - 0)) + (-8 - -15).
4
What is the value of (3 - -6 - 7) + -6?
-4
1 + 4 + -2 + 10 + -6
7
What is -8 - (-8 - -4 - 3)?
-1
(0 - (1 + (7 - 0))) + 4
-4
Calculate -9 + (-5 - -4) + 6 + 0.
-4
Calculate (2 - (2 + -2)) + (1 - 6).
-3
What is the value of (-1 - -2) + -5 + 8 + 0?
4
(2 - (5 + -1)) + -9
-11
Evaluate -1 + -1 + -5 + 2 + 2.
-3
Evaluate -5 - (-1 + 3 - 5 - 4).
2
2 - (-1 + -2 + 13 + -8)
0
Calculate -3 + (9 - 6) + 6.
6
-6 - ((1 - 5 - 3) + -4)
5
2 - 6 - -2 - (26 + -19)
-9
Evaluate (60 - 53) + (-3 - 0).
4
Calculate 3 + 1 + 1 + -14.
-9
What is the value of (2 - -4) + (6 - (-3 + 21))?
-6
Calculate 17 + (6 + 0 - 12 - 1).
10
What is the value of -1 - (3 + (7 - 2) + -9)?
0
Calculate -8 + (4 - (-1 + 2) - 0).
-5
Calculate -6 + 9 + -6 - -3.
0
(15 - 4) + -3 - (3 - 0)
5
What is the value of (-12 - -3) + 7 - (-8 + 8)?
-2
What is the value of -2 + -2 + 0 + 11 + -2?
5
What is the value of 15 - 21 - (-1 + -6)?
1
Evaluate 2 - (-2 - (-2 - 5)).
-3
What is the value of -4 + 1 - (-6 + 7)?
-4
What is the value of (-4 - (-2 + 2)) + 1 + 1?
-2
What is the value of 11 + (-3 - 14) - 2?
-8
Calculate 5 - ((4 - 4) + (10 - 7)).
2
Calculate -13 - -6 - -1 - 0.
-6
What is -1 - (5 + (-4 - -1) + -4)?
1
(4 - 3) + -4 + 0
-3
What is -3 + 0 - -3 - 4?
-4
What is 0 + -2 + 9 - 2 - 1?
4
Calculate (4 - -12 - 15) + -12.
-11
Evaluate 2 + -3 + (-6 - (-5 - 5)).
3
Calculate (-3 - -2) + (5 - (0 - -6)).
-2
What is the value of 3 - (3 - (3 + -7)) - -11?
7
Evaluate 4 + -5 + 1 + (-2 - -7).
5
Calculate (-5 - -1) + (0 - (-1 - -2)).
-5
What is (3 - -8) + -1 - 2?
8
Evaluate (1 - 3) + 7 + -4 + 0.
1
Calculate -3 + 3 - 1 - -2.
1
What is 0 - 0 - 2 - (-84 - -80)?
2
Calculate (-23 - -21) + (0 + -1 - -5).
2
What is the value of 3 + 1 + (-7 - (22 + -14))?
-11
What is (-2 - -12 - 3) + -3?
4
What is the value of (-5 - -11 - (-1 + 1)) + -8?
-2
What is 1 + -3 + 7 + 0?
5
What is 2 - (1 + -1 + -3)?
5
Calculate -4 + (5 - 1) + -20 + 16.
-4
Evaluate (0 - -13) + 22 + -29.
6
Evaluate -4 + 7 - (3 + -1 + 1).
0
Evaluate 4 - 8 - -2 - 0.
-2
Calculate -4 + 2 + -7 - -6.
-3
Calculate (-22 - -6) + 6 - (-5 - 3).
-2
Calculate 4 + (-10 - (4 - 7)).
-3
Calculate 17 + (-8 - 1 - -7) + -6.
9
-4 - (5 - 13) - 7
-3
Calculate -5 - -18 - 1 - 16.
-4
What is the value of 2 - (1 + 3 - (1 - 1))?
-2
Evaluate -2 + (1 - 2) + 0.
-3
What is the value of (4 - (1 + -3)) + 0 + -4?
2
What is the value of 0 - (-1 + (8 - 3))?
-4
What is the value of 2 + -9 + 3 + -1 + 5?
0
Calculate 4 - (-3 - -6) - (0 - 2).
3
Evaluate 1 - ((5 - 2) + 2 - 3).
-1
-6 - ((-6 - 1) + 1)
0
Evaluate 1 + 1 + (-4 - -6).
4
What is the value of -3 - 4 - -14 - 10?
-3
Evaluate -6 + (12 - 23 - -7).
-10
3 + 0 - (1 - -1)
1
What is 0 + (-6 - (-8 - 1))?
3
Calculate -3 + 8 - 5 - -3 - 2.
1
Calculate 72 - 80 - (2 + -11).
1
What is the value of 7 + -20 + -3 - -9?
-7
3 - 2 - ((4 - 1) + 0)
-2
Evaluate -4 - -9 - ((6 - 6) + 0).
5
Calculate -2 + -8 + 16 - 4.
2
-12 - -7 - (3 - 11)
3
What is 15 + -3 + -4 + -4?
4
What is 9 + -12 - ((-6 - 1) + 1)?
3
Evaluate -3 + 9 + 5 - 7.
4
Calculate 5 - (0 - (4 + -1 - 1)).
7
7 + -2 - (-15 - -22)
-2
What is 2 + -2 + 2 + 2 + 2?
6
-50 - -39 - (2 - 11)
-2
Evaluate -6 + 1 + (-1 + 2 - 1).
-5
What is 3 + (0 - (-1 + (7 - 3)))?
0
What is 5 - 1 - (20 + (-6 - 10))?
0
What is the value of 11 - (5 + 1 - 3 - -3)?
5
What is the value of 3 - ((3 - -5) + -5 + 2)?
-2
What is -5 + 4 + (2 - 5)?
-4
What is 3 - (10 + -5) - -7?
5
Evaluate (-18 - -12) + 11 - (-4 - -2).
7
Calculate -11 + (11 - -10) + -12.
-2
Calculate 0 + 1 + -1 + 3.
3
Evaluate -2 - 6 - -3 - 0.
-5
28 + -22 - (-2 - (3 - 5))
6
-7 - -8 - ((0 - -1) + -2)
2
What is the value of 4 + 0 - (1 - (-7 - -3))?
-1
Calculate (1 - 0) + 1 + 5 + -6.
1
1 - 4 - (0 + (4 - 3))
-4
4 - (-3 + 4 + 5)
-2
Evaluate 1 + 5 - ((7 - 3) + 1).
1
What is -2 + 2 + -4 - (-31 + 26)?
1
Calculate (5 - 2 - 3) + 2 - 3.
-1
Evaluate (-6 - -2) + 1 + 37 + -34.
0
What is the value of 0 + 6 - ((-19 - -11) + 7)?
7
Evaluate (5 - (-6 - -6) - 10) + 3.
-2
Calculate (20 - 21) + (3 - 5).
-3
What is the value of -4 + 2 + -1 + 4 + -6?
-5
What is (9 + -3 - 1) + (9 - 15)?
-1
(12 - 7) + -4 + -1
0
What is -1 + 1 - (6 + -9)?
3
Calculate -5 - -1 - (-8 + 6 - 3).
1
What is the value of -11 - (-30 + 11 - -6)?
2
8 + -14 - -7 - -3
4
What is (-6 - -16 - 4) + -4?
2
What is the value of 9 + -2 + -8 + 0 + 5?
4
Calculate 7 + 0 - (-75 + 91).
-9
Calculate -3 - (-10 + 2 + 2 + 1).
2
What is the value of 0 - (-1 + 5 + 1 - 1)?
-4
Evaluate 1 + 1 + 2 + -10.
-6
9 + (2 - 5 - 1)
5
Evaluate 0 - (1 - (-6 + 4 - -5)).
2
Evaluate 3 - (6 - 1 - 6).
4
What is -4 - (3 - -1 - 8)?
0
(1 - (1 - -1)) + 3 + 0
2
7 - ((8 - -1) + -5 - 0)
3
What is (-11 - (-11 - -17)) + 8?
-9
Evaluate -4 + 8 + (0 - -1).
5
Evaluate -5 + (-4 - (-11 + 5 + 4)).
-7
What is 14 + -10 + 8 + -15?
-3
Calculate (-2 - (6 + -9)) + 2.
3
Calculate 0 + 4 + (-2 - 2).
0
Evaluate 0 - ((-5 - 1) + 2 + 0).
4
Evaluate 2 + -1 - (2 - (-3 + 4)).
0
3 + -5 + 5 + -2
1
What is the value of -6 + 3 - (-5 - 0 - -2)?
0
Calculate -9 + 3 - (-3 - 0).
-3
-1 - 11 - -15 - (3 - 1)
1
What is the value of -8 - 2 - (4 + -9)?
-5
Calculate (-2 - 0 - -9) + (17 - 20).
4
What is -5 - -13 - (-15 + 23)?
0
What is 7 + -7 + 5 - 7?
-2
Calculate -46 - -43 - (0 + -12).
9
Calculate 1 - 0 - (0 - 4).
5
Evaluate 6 + (-4 - (5 + -5)).
2
What is the value of 2 + (-1 - -4) + -3?
2
What is the value of 7 + -3 + -7 + (4 - 1)?
0
What is 5 - (5 - (-4 + 5))?
1
Calculate 7 + (-12 - -7) + 4.
6
What is the value of -11 - ((-11 - -3) + 3)?
-6
What is 1 + -1 + (0 - 3)?
-3
Evaluate 0 - (3 + -2) - (8 - 5).
-4
-67 + 78 - (6 + 1)
4
Evaluate -3 - (1 + 2 + -11).
5
Evaluate 52 - 59 - ((-3 - -3) + -5).
-2
What is the value of 3 + (7 + -5 - 2)?
3
Evaluate (-1 - (5 + -10 + 4)) + 4.
4
Evaluate -4 + 1 + 3 - 4.
-4
Evaluate -9 + (7 - -7) + -8.
-3
Calculate (2 - 2) + 7 - (-48 - -58).
-3
Evaluate 16 + -23 - (-5 - 3).
1
Evaluate 1 + -1 + (3 - (3 + 3)).
-3
What 